 List the prime factors of p.
2, 17
Suppose -31*z - 476 = -33*z. List the prime factors of z.
2, 7, 17
Let q(u) = 6*u**3 - 4*u - 3. Let c be q(-2). Let w(y) = -10*y + 24. Let n be w(-7). Let t = n + c. List the prime factors of t.
3, 17
Let a(m) = -m - 2. Let w be a(-17). Let n = 36 + w. Let l = n - 20. What are the prime factors of l?
31
Let j(c) = 146*c**2 + 3*c - 10. List the prime factors of j(2).
2, 5, 29
Let r(d) = 3*d - 1. Let m be r(-2). Let k = m - -12. Suppose -k*t + 2*v + 1 = -9, 5*v + 4 = 2*t. List the prime factors of t.
2
Suppose -3*x - 24 = -3*f, -2*x = -f + 2*f + 4. What are the prime factors of f?
2
Suppose 177 = k - 104. Let a = -191 + k. List the prime factors of a.
2, 3, 5
Let d(j) = -2*j**3 - 3*j**2 + 7*j + 64. List the prime factors of d(-6).
2, 173
Let a(r) = r**3 - 3*r**2 + 14*r - 32. List the prime factors of a(3).
2, 5
Suppose -5*r = -4*l + 3*l + 245, 4*l = 5*r + 980. Suppose -v - 5*g = -105, 3*v + g - l = -0*v. What are the prime factors of v?
2, 5
Let q be (-6 - 10)*6/(-3). Let w = q - -7. What are the prime factors of w?
3, 13
Suppose 0 = 2*i + 30 + 30. Let k = 137 + -80. Let m = k + i. List the prime factors of m.
3
Suppose -4*r - 4342 = -3*i, -4*i + 2*r + 2891 = -2905. What are the prime factors of i?
2, 5, 29
Suppose 4*h = -j + 15, -3*j + 19 = 5*h - 2*j. What are the prime factors of ((-3)/6 - 7)/((-2)/h)?
3, 5
Suppose -v + 4*p - 56 = 0, -5*v - p + 6*p - 220 = 0. Let k be 381/4 - (-10)/v. Suppose 5*m - k - 10 = 0. What are the prime factors of m?
3, 7
Let y be 136/16 - (-6)/4. Let p(u) = 12*u + 14. What are the prime factors of p(y)?
2, 67
Suppose 0 = -3*b + h + 300, b - 103 = 3*h - 3. Let w = b - -18. List the prime factors of w.
2, 59
Suppose s - 3*s + 3*p + 17 = 0, 3*s - p - 43 = 0. Let y = -64 + 66. Suppose -y*o = 6*i - i - 32, s = o - i. What are the prime factors of o?
2
Let x(d) = -2*d**3 - 3*d**2 - d - 1. Let a be x(-2). List the prime factors of (3 + -8)*(-188)/a.
2, 47
Let q = 7 + 50. Let i be -21*(14/6 - 1). Let u = i + q. List the prime factors of u.
29
Let o be (2/(-6))/(8/(-72)). Suppose 10 = o*t - 14. Suppose 0 = 11*n - t*n - 51. List the prime factors of n.
17
Let o = -11 - -13. Let d = o - -24. What are the prime factors of d?
2, 13
Suppose 0 = t - 98 - 1926. List the prime factors of t.
2, 11, 23
List the prime factors of 1012/16 + 30/40.
2
Suppose -7*i + 721 + 56 = 0. Suppose i = 4*j - 185. List the prime factors of j.
2, 37
Suppose 0 = 93*d - 109*d + 63936. List the prime factors of d.
2, 3, 37
Suppose 4*w - 5*i = -372 + 3381, 3*w + 5*i = 2248. What are the prime factors of w?
751
List the prime factors of (-234)/12*(-8)/12.
13
Let y(w) = 367*w + 1223. List the prime factors of y(9).
2, 31, 73
Let s be 2891/5 - (-80)/100. List the prime factors of (s/(-6))/((-2)/4).
193
Let w(j) = -4*j + 11. Suppose h = -3*v + 12, -4*h = 5*v - v - 8. Let q(r) = -2*r. Let t be q(v). List the prime factors of w(t).
3, 17
Suppose -17*s + 13*s + 12 = 0, -2*n + 117 = 3*s. Let h = -5 - -7. Suppose 0 = m - 3*w - 12, h*m - n = 2*w - 6*w. What are the prime factors of m?
3, 7
Suppose 2*p + 1465 = d, -1455 = -16*d + 15*d + 4*p. List the prime factors of d.
5, 59
Let c(h) = h**3 - h**2 - 6*h + 1. Let v be c(3). Let g = -4 - 1. What are the prime factors of (-85)/g - (-1)/v?
2, 3
Suppose 13*r = -4*r + 3349. What are the prime factors of r?
197
Suppose -14*n + 4425 = -13*n. List the prime factors of n.
3, 5, 59
List the prime factors of ((-41)/(-3))/((-33)/(-99)).
41
Suppose 2*k + d - 1331 = 4*d, k + 4*d - 660 = 0. List the prime factors of k.
2, 83
Let o = 12 + -12. Let k(d) = -d**3 + d**2 - d + 25. Let y be k(o). What are the prime factors of -2 + 2 + -1 + y?
2, 3
Let b = 68 + -53. What are the prime factors of b/(-10) + 786/4?
3, 5, 13
Let n(p) = 2*p**3 - 18*p**2 - 3*p + 15. Suppose 4*b - 55 = 5*h, -3*h = -2*b + 4*b - 11. What are the prime factors of n(b)?
5, 37
Let t(n) = -n**3 + 6*n**2 - 5*n + 2. Let d be t(5). Suppose 2*o + 0*r - 444 = -4*r, -d*o + 447 = r. List the prime factors of o.
2, 7
Let z(m) = m**3 - 7*m**2 - 10*m + 13. Let y be z(8). What are the prime factors of (-1386)/(-7) - (y + (-1 - -3))?
199
Let g be 84/35 - 2/5. Suppose -3*a - g = -5*b, 0 = b - 2*b - 3*a + 4. Let l(h) = 28*h**2 - 1. List the prime factors of l(b).
3
Let n(q) be the second derivative of -q**5/20 - q**4/12 + 85*q**2/2 - 12*q. List the prime factors of n(0).
5, 17
Suppose 4931 = 4*k + 391. List the prime factors of k.
5, 227
Let z be 2/(-1)*(-6 + 3). Let w(h) = 9*h + 50. List the prime factors of w(z).
2, 13
Let l(c) = -c**3 + 6*c**2 - 2. Let n be l(6). Let y(v) = -7*v + 1. Let r be y(n). Let h = r - 6. What are the prime factors of h?
3
Let s = -1361 - -1707. List the prime factors of s.
2, 173
Suppose 9*k - 11*k + 2926 = j, 5*k + j - 7321 = 0. List the prime factors of k.
5, 293
Let c = -166 - -71. Let v = c + 188. Suppose -v + 5 = -4*z. List the prime factors of z.
2, 11
Let n(m) = -4 - 1 + 2*m + 2*m + 1. Let d be n(6). Suppose 3*w - 46 = d. What are the prime factors of w?
2, 11
Suppose -273 = -3*o + 6*o. Let r = 127 + o. List the prime factors of r.
2, 3
Let j(z) = z**2 + 6*z - 3. Let p be j(-7). Suppose -6 = -5*u + 4*b, -u + p*b - 14 = -6*u. Suppose -1 + 7 = u*q. What are the prime factors of q?
3
Let b(y) = 54*y**3 + 2*y**2 - 1. Let m be (-2)/11 - (-26)/22. List the prime factors of b(m).
5, 11
What are the prime factors of 33112/34 + -3 - (-6)/51?
971
Let v be (-3)/12*(-14 + 2). Suppose -3*j = j - 4*a, -32 = -v*j - 5*a. Suppose 79 = 3*h + j. What are the prime factors of h?
5
Suppose -2*m - 5*b = -80, 3*b - 2*b + 56 = 2*m. Let a be (140/9)/(26/117). Let w = a - m. List the prime factors of w.
2, 5
Let i(s) = -7*s**3 + 3*s**2 + 3*s + 5. Let o be i(-3). Suppose -3*g = 2*d - o, -2*g + 273 = -4*d + 105. What are the prime factors of g?
2, 37
Suppose 0 = -2*l - 6*l + 64. Suppose 0 = 5*p - l*p + 66. What are the prime factors of p?
2, 11
Let c = 1704 + -1204. Suppose 0 = -3*s + 5*v + c, -5*s + 4*v = -3*s - 330. What are the prime factors of s?
5, 7
Let w = -39 + 398. What are the prime factors of w?
359
Suppose -5*i - 1354 = -4254. List the prime factors of i.
2, 5, 29
Suppose -2*z - 2*x - 32 = 3*x, -5*x = -5*z - 45. Let g(m) = 4 - 19*m - 16 + 15*m. List the prime factors of g(z).
2
Let l = 11 - -5. Let r(b) = 4*b**2 - 1. Let s be r(1). Suppose -s*h + l - 1 = 0. What are the prime factors of h?
5
Let d(m) = -3*m - 6. Let n be d(-10). Let x = 57 + n. Suppose 5*y + x = 8*y. List the prime factors of y.
3
Suppose 68 = -158*s + 162*s. Suppose s = -o + 135. What are the prime factors of o?
2, 59
Let z = 1625 - 925. What are the prime factors of z?
2, 5, 7
Let o = -594 - -2606. What are the prime factors of o?
2, 503
Let c be (-470)/10 - (1 - 0). Let s = 82 + c. List the prime factors of s.
2, 17
Let v(f) = 3*f**3 + 57*f**2 + 20*f - 13. What are the prime factors of v(-13)?
3, 13, 71
Let f = -10 + 7. Let y(g) = -3*g**2 - 2*g + 1. Let j(z) = z + 1. Let t(c) = -j(c) - y(c). List the prime factors of t(f).
2, 11
Suppose 2*j - 30 + 8 = 0. Let h = 15 - j. Suppose 8 = 4*d, 5*s + h*d = 227 + 6. List the prime factors of s.
3, 5
Let g(j) = 18 - 8*j - 13*j - 14. What are the prime factors of g(-4)?
2, 11
Let d = -26 + 18. Let i = -15 - 10. Let u = d - i. List the prime factors of u.
17
Let m = 2033 + -1053. What are the prime factors of m?
2, 5, 7
Suppose 3*f - 207 - 411 = 0. Let v = f + -153. What are the prime factors of v?
53
List the prime factors of 10866/54 - ((-8)/36)/(-1).
3, 67
Let u be (-1)/(-3) - 46/(-6). Let l = u + -2. What are the prime factors of (-51)/l*2*-1?
17
Suppose -5 + 13 = 4*u. Suppose 115 = -5*n - 5*s, -u*n - 45 = -3*s - 14. What are the prime factors of 3 - (-1 + 1) - n?
23
Let t = -27 - -58. Suppose 3*x - 5 = t. List the prime factors of x.
2, 3
Suppose -2*l = 3*l. Suppose -5*f + l*f + 30 = 0. Suppose -2*s = -0*s - f. List the prime factors of s.
3
Let j be (-3492)/(-20) + (-6)/(-15). Suppose -i = h - 0*i, -5*i - 9 = 2*h. Suppose -j = -5*x - 5*t, h = t + 2*t. What are the prime factors of x?
2, 17
Let l = -1461 - -3529. List the prime factors of l.
2, 11, 47
Let c(o) = o**3 - 9*o**2. Let b be c(9). Suppose b = 2*n + 16 - 64. What are the prime factors of n?
2, 3
Suppose 4*k + 16 = -4*s, 2*k = 7*k - 2*s - 1. Let a(z) 